189.150.151.79 - - [24/Jul/2026:10:41:02 -0600] "GET /media/com_sppagebuilder/assets/iconfont/icougjboo/style.css?92b40b3a7c2cb2a3e34bb68cbc09d14d HTTP/1.1" 200 27 "https://ferretap.com.mx/index.php/sucursales" "Mozilla/5.0 (Linux; Android 10; K) AppleWebKit/537.36 (KHTML, like Gecko) Chrome/150.0.0.0 Mobile Safari/537.36"
189.150.151.79 - - [24/Jul/2026:10:41:02 -0600] "GET /media/com_sppagebuilder/assets/iconfont/icosuns/style.css?92b40b3a7c2cb2a3e34bb68cbc09d14d HTTP/1.1" 200 - "https://ferretap.com.mx/index.php/sucursales" "Mozilla/5.0 (Linux; Android 10; K) AppleWebKit/537.36 (KHTML, like Gecko) Chrome/150.0.0.0 Mobile Safari/537.36"
189.150.151.79 - - [24/Jul/2026:10:41:02 -0600] "GET /media/com_sppagebuilder/assets/iconfont/icobbhzbu/style.css?92b40b3a7c2cb2a3e34bb68cbc09d14d HTTP/1.1" 200 27 "https://ferretap.com.mx/index.php/sucursales" "Mozilla/5.0 (Linux; Android 10; K) AppleWebKit/537.36 (KHTML, like Gecko) Chrome/150.0.0.0 Mobile Safari/537.36"
189.150.151.79 - - [24/Jul/2026:10:41:02 -0600] "GET /media/com_sppagebuilder/assets/iconfont/icofuhccw/style.css?92b40b3a7c2cb2a3e34bb68cbc09d14d HTTP/1.1" 200 27 "https://ferretap.com.mx/index.php/sucursales" "Mozilla/5.0 (Linux; Android 10; K) AppleWebKit/537.36 (KHTML, like Gecko) Chrome/150.0.0.0 Mobile Safari/537.36"
189.150.151.79 - - [24/Jul/2026:10:41:02 -0600] "GET /media/com_sppagebuilder/assets/iconfont/icoeaobdf/style.css?92b40b3a7c2cb2a3e34bb68cbc09d14d HTTP/1.1" 200 27 "https://ferretap.com.mx/index.php/sucursales" "Mozilla/5.0 (Linux; Android 10; K) AppleWebKit/537.36 (KHTML, like Gecko) Chrome/150.0.0.0 Mobile Safari/537.36"
189.150.151.79 - - [24/Jul/2026:10:41:02 -0600] "GET /media/com_sppagebuilder/assets/iconfont/icohljcbj/style.css?92b40b3a7c2cb2a3e34bb68cbc09d14d HTTP/1.1" 200 27 "https://ferretap.com.mx/index.php/sucursales" "Mozilla/5.0 (Linux; Android 10; K) AppleWebKit/537.36 (KHTML, like Gecko) Chrome/150.0.0.0 Mobile Safari/537.36"
189.150.151.79 - - [24/Jul/2026:10:41:02 -0600] "GET /media/com_sppagebuilder/assets/iconfont/icohmqhcc/style.css?92b40b3a7c2cb2a3e34bb68cbc09d14d HTTP/1.1" 200 27 "https://ferretap.com.mx/index.php/sucursales" "Mozilla/5.0 (Linux; Android 10; K) AppleWebKit/537.36 (KHTML, like Gecko) Chrome/150.0.0.0 Mobile Safari/537.36"
189.150.151.79 - - [24/Jul/2026:10:41:03 -0600] "GET /media/com_sppagebuilder/assets/iconfont/icozqjo6i/style.css?92b40b3a7c2cb2a3e34bb68cbc09d14d HTTP/1.1" 200 27 "https://ferretap.com.mx/index.php/sucursales" "Mozilla/5.0 (Linux; Android 10; K) AppleWebKit/537.36 (KHTML, like Gecko) Chrome/150.0.0.0 Mobile Safari/537.36"
189.150.151.79 - - [24/Jul/2026:10:41:03 -0600] "GET /media/com_sppagebuilder/assets/iconfont/icoz55zau/style.css?92b40b3a7c2cb2a3e34bb68cbc09d14d HTTP/1.1" 200 27 "https://ferretap.com.mx/index.php/sucursales" "Mozilla/5.0 (Linux; Android 10; K) AppleWebKit/537.36 (KHTML, like Gecko) Chrome/150.0.0.0 Mobile Safari/537.36"
189.150.151.79 - - [24/Jul/2026:10:41:03 -0600] "GET /media/com_sppagebuilder/assets/iconfont/icocgawwd/style.css?92b40b3a7c2cb2a3e34bb68cbc09d14d HTTP/1.1" 200 27 "https://ferretap.com.mx/index.php/sucursales" "Mozilla/5.0 (Linux; Android 10; K) AppleWebKit/537.36 (KHTML, like Gecko) Chrome/150.0.0.0 Mobile Safari/537.36"
189.150.151.79 - - [24/Jul/2026:10:41:03 -0600] "GET /media/com_sppagebuilder/assets/iconfont/icolcjjmo/style.css?92b40b3a7c2cb2a3e34bb68cbc09d14d HTTP/1.1" 200 27 "https://ferretap.com.mx/index.php/sucursales" "Mozilla/5.0 (Linux; Android 10; K) AppleWebKit/537.36 (KHTML, like Gecko) Chrome/150.0.0.0 Mobile Safari/537.36"
189.150.151.79 - - [24/Jul/2026:10:41:03 -0600] "GET /components/com_sppagebuilder/assets/css/magnific-popup.css HTTP/1.1" 200 5920 "https://ferretap.com.mx/index.php/sucursales" "Mozilla/5.0 (Linux; Android 10; K) AppleWebKit/537.36 (KHTML, like Gecko) Chrome/150.0.0.0 Mobile Safari/537.36"
189.150.151.79 - - [24/Jul/2026:10:41:03 -0600] "GET /media/com_sppagebuilder/assets/iconfont/icowvsweq/style.css?92b40b3a7c2cb2a3e34bb68cbc09d14d HTTP/1.1" 200 27 "https://ferretap.com.mx/index.php/sucursales" "Mozilla/5.0 (Linux; Android 10; K) AppleWebKit/537.36 (KHTML, like Gecko) Chrome/150.0.0.0 Mobile Safari/537.36"
189.150.151.79 - - [24/Jul/2026:10:41:03 -0600] "GET /templates/shaper_helixultimate/css/presets/default.css HTTP/1.1" 200 4026 "https://ferretap.com.mx/index.php/sucursales" "Mozilla/5.0 (Linux; Android 10; K) AppleWebKit/537.36 (KHTML, like Gecko) Chrome/150.0.0.0 Mobile Safari/537.36"
189.150.151.79 - - [24/Jul/2026:10:41:03 -0600] "GET /components/com_speasyimagegallery/assets/css/style-min.css HTTP/1.1" 200 19897 "https://ferretap.com.mx/index.php/sucursales" "Mozilla/5.0 (Linux; Android 10; K) AppleWebKit/537.36 (KHTML, like Gecko) Chrome/150.0.0.0 Mobile Safari/537.36"
189.150.151.79 - - [24/Jul/2026:10:41:03 -0600] "GET /plugins/system/helixultimate/assets/css/system-j4.min.css HTTP/1.1" 200 5202 "https://ferretap.com.mx/index.php/sucursales" "Mozilla/5.0 (Linux; Android 10; K) AppleWebKit/537.36 (KHTML, like Gecko) Chrome/150.0.0.0 Mobile Safari/537.36"
189.150.151.79 - - [24/Jul/2026:10:41:03 -0600] "GET /media/system/js/core.min.js?a3d8f8 HTTP/1.1" 200 7786 "https://ferretap.com.mx/index.php/sucursales" "Mozilla/5.0 (Linux; Android 10; K) AppleWebKit/537.36 (KHTML, like Gecko) Chrome/150.0.0.0 Mobile Safari/537.36"
189.150.151.79 - - [24/Jul/2026:10:41:03 -0600] "GET /media/vendor/jquery/js/jquery.min.js?3.7.1 HTTP/1.1" 200 87533 "https://ferretap.com.mx/index.php/sucursales" "Mozilla/5.0 (Linux; Android 10; K) AppleWebKit/537.36 (KHTML, like Gecko) Chrome/150.0.0.0 Mobile Safari/537.36"
189.150.151.79 - - [24/Jul/2026:10:41:03 -0600] "GET /media/legacy/js/jquery-noconflict.min.js?504da4 HTTP/1.1" 200 27 "https://ferretap.com.mx/index.php/sucursales" "Mozilla/5.0 (Linux; Android 10; K) AppleWebKit/537.36 (KHTML, like Gecko) Chrome/150.0.0.0 Mobile Safari/537.36"
189.150.151.79 - - [24/Jul/2026:10:41:03 -0600] "GET /templates/shaper_helixultimate/css/bootstrap.min.css HTTP/1.1" 200 194854 "https://ferretap.com.mx/index.php/sucursales" "Mozilla/5.0 (Linux; Android 10; K) AppleWebKit/537.36 (KHTML, like Gecko) Chrome/150.0.0.0 Mobile Safari/537.36"
189.150.151.79 - - [24/Jul/2026:10:41:03 -0600] "GET /media/system/css/joomla-fontawesome.min.css?b70ebc HTTP/1.1" 200 102627 "https://ferretap.com.mx/index.php/sucursales" "Mozilla/5.0 (Linux; Android 10; K) AppleWebKit/537.36 (KHTML, like Gecko) Chrome/150.0.0.0 Mobile Safari/537.36"
189.150.151.79 - - [24/Jul/2026:10:41:03 -0600] "GET /templates/shaper_helixultimate/css/template.css HTTP/1.1" 200 82496 "https://ferretap.com.mx/index.php/sucursales" "Mozilla/5.0 (Linux; Android 10; K) AppleWebKit/537.36 (KHTML, like Gecko) Chrome/150.0.0.0 Mobile Safari/537.36"
189.150.151.79 - - [24/Jul/2026:10:41:03 -0600] "GET /media/vendor/bootstrap/js/alert.min.js?5.3.8 HTTP/1.1" 200 979 "https://ferretap.com.mx/index.php/sucursales" "Mozilla/5.0 (Linux; Android 10; K) AppleWebKit/537.36 (KHTML, like Gecko) Chrome/150.0.0.0 Mobile Safari/537.36"
189.150.151.79 - - [24/Jul/2026:10:41:03 -0600] "GET /media/vendor/bootstrap/js/button.min.js?5.3.8 HTTP/1.1" 200 779 "https://ferretap.com.mx/index.php/sucursales" "Mozilla/5.0 (Linux; Android 10; K) AppleWebKit/537.36 (KHTML, like Gecko) Chrome/150.0.0.0 Mobile Safari/537.36"
189.150.151.79 - - [24/Jul/2026:10:41:03 -0600] "GET /media/vendor/bootstrap/js/carousel.min.js?5.3.8 HTTP/1.1" 200 5518 "https://ferretap.com.mx/index.php/sucursales" "Mozilla/5.0 (Linux; Android 10; K) AppleWebKit/537.36 (KHTML, like Gecko) Chrome/150.0.0.0 Mobile Safari/537.36"
189.150.151.79 - - [24/Jul/2026:10:41:03 -0600] "GET /media/vendor/bootstrap/js/collapse.min.js?5.3.8 HTTP/1.1" 200 3994 "https://ferretap.com.mx/index.php/sucursales" "Mozilla/5.0 (Linux; Android 10; K) AppleWebKit/537.36 (KHTML, like Gecko) Chrome/150.0.0.0 Mobile Safari/537.36"
189.150.151.79 - - [24/Jul/2026:10:41:03 -0600] "GET /media/vendor/bootstrap/js/modal.min.js?5.3.8 HTTP/1.1" 200 7319 "https://ferretap.com.mx/index.php/sucursales" "Mozilla/5.0 (Linux; Android 10; K) AppleWebKit/537.36 (KHTML, like Gecko) Chrome/150.0.0.0 Mobile Safari/537.36"
189.150.151.79 - - [24/Jul/2026:10:41:03 -0600] "GET /media/vendor/bootstrap/js/dropdown.min.js?5.3.8 HTTP/1.1" 200 6229 "https://ferretap.com.mx/index.php/sucursales" "Mozilla/5.0 (Linux; Android 10; K) AppleWebKit/537.36 (KHTML, like Gecko) Chrome/150.0.0.0 Mobile Safari/537.36"
189.150.151.79 - - [24/Jul/2026:10:41:03 -0600] "GET /media/vendor/bootstrap/js/offcanvas.min.js?5.3.8 HTTP/1.1" 200 3552 "https://ferretap.com.mx/index.php/sucursales" "Mozilla/5.0 (Linux; Android 10; K) AppleWebKit/537.36 (KHTML, like Gecko) Chrome/150.0.0.0 Mobile Safari/537.36"
189.150.151.79 - - [24/Jul/2026:10:41:03 -0600] "GET /media/vendor/bootstrap/js/popover.min.js?5.3.8 HTTP/1.1" 200 11363 "https://ferretap.com.mx/index.php/sucursales" "Mozilla/5.0 (Linux; Android 10; K) AppleWebKit/537.36 (KHTML, like Gecko) Chrome/150.0.0.0 Mobile Safari/537.36"
189.150.151.79 - - [24/Jul/2026:10:41:03 -0600] "GET /media/vendor/bootstrap/js/scrollspy.min.js?5.3.8 HTTP/1.1" 200 4096 "https://ferretap.com.mx/index.php/sucursales" "Mozilla/5.0 (Linux; Android 10; K) AppleWebKit/537.36 (KHTML, like Gecko) Chrome/150.0.0.0 Mobile Safari/537.36"
189.150.151.79 - - [24/Jul/2026:10:41:03 -0600] "GET /media/vendor/bootstrap/js/tab.min.js?5.3.8 HTTP/1.1" 200 4957 "https://ferretap.com.mx/index.php/sucursales" "Mozilla/5.0 (Linux; Android 10; K) AppleWebKit/537.36 (KHTML, like Gecko) Chrome/150.0.0.0 Mobile Safari/537.36"
189.150.151.79 - - [24/Jul/2026:10:41:03 -0600] "GET /media/system/js/showon.min.js?e51227 HTTP/1.1" 200 3634 "https://ferretap.com.mx/index.php/sucursales" "Mozilla/5.0 (Linux; Android 10; K) AppleWebKit/537.36 (KHTML, like Gecko) Chrome/150.0.0.0 Mobile Safari/537.36"
189.150.151.79 - - [24/Jul/2026:10:41:03 -0600] "GET /media/vendor/bootstrap/js/toast.min.js?5.3.8 HTTP/1.1" 200 2789 "https://ferretap.com.mx/index.php/sucursales" "Mozilla/5.0 (Linux; Android 10; K) AppleWebKit/537.36 (KHTML, like Gecko) Chrome/150.0.0.0 Mobile Safari/537.36"
189.150.151.79 - - [24/Jul/2026:10:41:03 -0600] "GET /media/com_finder/js/finder.min.js?755761 HTTP/1.1" 200 1381 "https://ferretap.com.mx/index.php/sucursales" "Mozilla/5.0 (Linux; Android 10; K) AppleWebKit/537.36 (KHTML, like Gecko) Chrome/150.0.0.0 Mobile Safari/537.36"
189.150.151.79 - - [24/Jul/2026:10:41:03 -0600] "GET /media/mod_menu/js/menu.min.js?b70ebc HTTP/1.1" 200 2237 "https://ferretap.com.mx/index.php/sucursales" "Mozilla/5.0 (Linux; Android 10; K) AppleWebKit/537.36 (KHTML, like Gecko) Chrome/150.0.0.0 Mobile Safari/537.36"
189.150.151.79 - - [24/Jul/2026:10:41:03 -0600] "GET /media/system/js/messages.min.js?9a4811 HTTP/1.1" 200 5542 "https://ferretap.com.mx/index.php/sucursales" "Mozilla/5.0 (Linux; Android 10; K) AppleWebKit/537.36 (KHTML, like Gecko) Chrome/150.0.0.0 Mobile Safari/537.36"
189.150.151.79 - - [24/Jul/2026:10:41:03 -0600] "GET /components/com_sppagebuilder/assets/js/common.js HTTP/1.1" 200 144 "https://ferretap.com.mx/index.php/sucursales" "Mozilla/5.0 (Linux; Android 10; K) AppleWebKit/537.36 (KHTML, like Gecko) Chrome/150.0.0.0 Mobile Safari/537.36"
189.150.151.79 - - [24/Jul/2026:10:41:03 -0600] "GET /components/com_sppagebuilder/assets/js/jquery.parallax.js?92b40b3a7c2cb2a3e34bb68cbc09d14d HTTP/1.1" 200 898 "https://ferretap.com.mx/index.php/sucursales" "Mozilla/5.0 (Linux; Android 10; K) AppleWebKit/537.36 (KHTML, like Gecko) Chrome/150.0.0.0 Mobile Safari/537.36"
189.150.151.79 - - [24/Jul/2026:10:41:03 -0600] "GET /components/com_sppagebuilder/assets/js/jquery.magnific-popup.min.js HTTP/1.1" 200 20218 "https://ferretap.com.mx/index.php/sucursales" "Mozilla/5.0 (Linux; Android 10; K) AppleWebKit/537.36 (KHTML, like Gecko) Chrome/150.0.0.0 Mobile Safari/537.36"
189.150.151.79 - - [24/Jul/2026:10:41:03 -0600] "GET /templates/shaper_helixultimate/js/inert.min.js HTTP/1.1" 200 8228 "https://ferretap.com.mx/index.php/sucursales" "Mozilla/5.0 (Linux; Android 10; K) AppleWebKit/537.36 (KHTML, like Gecko) Chrome/150.0.0.0 Mobile Safari/537.36"
192.178.4.128 - - [24/Jul/2026:10:41:03 -0600] "GET /?prizes/94716062 HTTP/1.1" 200 20500 "-" "Mozilla/5.0 (Linux; Android 6.0.1; Nexus 5X Build/MMB29P) AppleWebKit/537.36 (KHTML, like Gecko) Chrome/150.0.7871.128 Mobile Safari/537.36 (compatible; Googlebot/2.1; +http://www.google.com/bot.html)"
189.150.151.79 - - [24/Jul/2026:10:41:04 -0600] "GET /templates/shaper_helixultimate/js/main.js HTTP/1.1" 200 20777 "https://ferretap.com.mx/index.php/sucursales" "Mozilla/5.0 (Linux; Android 10; K) AppleWebKit/537.36 (KHTML, like Gecko) Chrome/150.0.0.0 Mobile Safari/537.36"
189.150.151.79 - - [24/Jul/2026:10:41:04 -0600] "GET /components/com_speasyimagegallery/assets/js/script-min.js HTTP/1.1" 200 4090 "https://ferretap.com.mx/index.php/sucursales" "Mozilla/5.0 (Linux; Android 10; K) AppleWebKit/537.36 (KHTML, like Gecko) Chrome/150.0.0.0 Mobile Safari/537.36"
189.150.151.79 - - [24/Jul/2026:10:41:04 -0600] "GET /components/com_speasyimagegallery/assets/js/speasygallery-main.js HTTP/1.1" 200 619 "https://ferretap.com.mx/index.php/sucursales" "Mozilla/5.0 (Linux; Android 10; K) AppleWebKit/537.36 (KHTML, like Gecko) Chrome/150.0.0.0 Mobile Safari/537.36"
189.150.151.79 - - [24/Jul/2026:10:41:04 -0600] "GET /media/vendor/bootstrap/js/dom.min.js?5.3.8 HTTP/1.1" 200 18222 "https://ferretap.com.mx/media/vendor/bootstrap/js/alert.min.js?5.3.8" "Mozilla/5.0 (Linux; Android 10; K) AppleWebKit/537.36 (KHTML, like Gecko) Chrome/150.0.0.0 Mobile Safari/537.36"
189.150.151.79 - - [24/Jul/2026:10:41:04 -0600] "GET /media/vendor/bootstrap/js/popper.min.js?5.3.8 HTTP/1.1" 200 20501 "https://ferretap.com.mx/media/vendor/bootstrap/js/dropdown.min.js?5.3.8" "Mozilla/5.0 (Linux; Android 10; K) AppleWebKit/537.36 (KHTML, like Gecko) Chrome/150.0.0.0 Mobile Safari/537.36"
189.150.151.79 - - [24/Jul/2026:10:41:04 -0600] "GET /media/vendor/awesomplete/js/awesomplete.min.js?1.1.7 HTTP/1.1" 200 8003 "https://ferretap.com.mx/index.php/sucursales" "Mozilla/5.0 (Linux; Android 10; K) AppleWebKit/537.36 (KHTML, like Gecko) Chrome/150.0.0.0 Mobile Safari/537.36"
189.150.151.79 - - [24/Jul/2026:10:41:04 -0600] "GET /components/com_sppagebuilder/assets/js/sppagebuilder.js?92b40b3a7c2cb2a3e34bb68cbc09d14d HTTP/1.1" 200 76137 "https://ferretap.com.mx/index.php/sucursales" "Mozilla/5.0 (Linux; Android 10; K) AppleWebKit/537.36 (KHTML, like Gecko) Chrome/150.0.0.0 Mobile Safari/537.36"
189.150.151.79 - - [24/Jul/2026:10:41:04 -0600] "GET /media/vendor/fontawesome-free/webfonts/fa-brands-400.woff2?v=cbcf42 HTTP/1.1" 200 118684 "https://ferretap.com.mx/media/system/css/joomla-fontawesome.min.css?b70ebc" "Mozilla/5.0 (Linux; Android 10; K) AppleWebKit/537.36 (KHTML, like Gecko) Chrome/150.0.0.0 Mobile Safari/537.36"
189.150.151.79 - - [24/Jul/2026:10:41:04 -0600] "GET /images/ferreteria-1-1.png HTTP/1.1" 200 594700 "https://ferretap.com.mx/index.php/sucursales" "Mozilla/5.0 (Linux; Android 10; K) AppleWebKit/537.36 (KHTML, like Gecko) Chrome/150.0.0.0 Mobile Safari/537.36"
189.150.151.79 - - [24/Jul/2026:10:41:04 -0600] "GET /media/vendor/fontawesome-free/webfonts/fa-solid-900.woff2?v=4a6591 HTTP/1.1" 200 158220 "https://ferretap.com.mx/media/system/css/joomla-fontawesome.min.css?b70ebc" "Mozilla/5.0 (Linux; Android 10; K) AppleWebKit/537.36 (KHTML, like Gecko) Chrome/150.0.0.0 Mobile Safari/537.36"
189.150.151.79 - - [24/Jul/2026:10:41:05 -0600] "GET /media/vendor/fontawesome-free/webfonts/fa-regular-400.woff2?v=896727 HTTP/1.1" 200 25472 "https://ferretap.com.mx/media/system/css/joomla-fontawesome.min.css?b70ebc" "Mozilla/5.0 (Linux; Android 10; K) AppleWebKit/537.36 (KHTML, like Gecko) Chrome/150.0.0.0 Mobile Safari/537.36"
189.150.151.79 - - [24/Jul/2026:10:41:05 -0600] "GET /images/speasyimagegallery/albums/1/images/whatsapp-image-2022-03-03-at-6.52.16-pm-1_thumb.jpeg HTTP/1.1" 200 19274 "https://ferretap.com.mx/index.php/sucursales" "Mozilla/5.0 (Linux; Android 10; K) AppleWebKit/537.36 (KHTML, like Gecko) Chrome/150.0.0.0 Mobile Safari/537.36"
189.150.151.79 - - [24/Jul/2026:10:41:05 -0600] "GET /images/2022/07/04/whatsapp-image-2022-07-04-at-2.02.01-pm.jpeg HTTP/1.1" 200 276105 "https://ferretap.com.mx/index.php/sucursales" "Mozilla/5.0 (Linux; Android 10; K) AppleWebKit/537.36 (KHTML, like Gecko) Chrome/150.0.0.0 Mobile Safari/537.36"
189.150.151.79 - - [24/Jul/2026:10:41:06 -0600] "GET /images/speasyimagegallery/albums/1/images/whatsapp-image-2022-03-03-at-6.52.17-pm-1_thumb.jpeg HTTP/1.1" 200 32575 "https://ferretap.com.mx/index.php/sucursales" "Mozilla/5.0 (Linux; Android 10; K) AppleWebKit/537.36 (KHTML, like Gecko) Chrome/150.0.0.0 Mobile Safari/537.36"
189.150.151.79 - - [24/Jul/2026:10:41:06 -0600] "GET /images/speasyimagegallery/albums/1/images/whatsapp-image-2022-03-03-at-6.52.17-pm_thumb.jpeg HTTP/1.1" 200 25307 "https://ferretap.com.mx/index.php/sucursales" "Mozilla/5.0 (Linux; Android 10; K) AppleWebKit/537.36 (KHTML, like Gecko) Chrome/150.0.0.0 Mobile Safari/537.36"
189.150.151.79 - - [24/Jul/2026:10:41:04 -0600] "GET /images/2022/03/29/ferreteria-central.jpg HTTP/1.1" 200 1383683 "https://ferretap.com.mx/index.php/sucursales" "Mozilla/5.0 (Linux; Android 10; K) AppleWebKit/537.36 (KHTML, like Gecko) Chrome/150.0.0.0 Mobile Safari/537.36"
189.150.151.79 - - [24/Jul/2026:10:41:05 -0600] "GET /images/2022/07/04/whatsapp-image-2022-06-22-at-6.33.46-pm.jpeg HTTP/1.1" 200 729164 "https://ferretap.com.mx/index.php/sucursales" "Mozilla/5.0 (Linux; Android 10; K) AppleWebKit/537.36 (KHTML, like Gecko) Chrome/150.0.0.0 Mobile Safari/537.36"
189.150.151.79 - - [24/Jul/2026:10:41:04 -0600] "GET /images/2023/09/28/sin-titulo-1.png HTTP/1.1" 200 858408 "https://ferretap.com.mx/index.php/sucursales" "Mozilla/5.0 (Linux; Android 10; K) AppleWebKit/537.36 (KHTML, like Gecko) Chrome/150.0.0.0 Mobile Safari/537.36"
189.150.151.79 - - [24/Jul/2026:10:41:04 -0600] "GET /images/2022/07/27/sucursal-norte.jpg HTTP/1.1" 200 1065584 "https://ferretap.com.mx/index.php/sucursales" "Mozilla/5.0 (Linux; Android 10; K) AppleWebKit/537.36 (KHTML, like Gecko) Chrome/150.0.0.0 Mobile Safari/537.36"
192.178.4.137 - - [24/Jul/2026:10:41:07 -0600] "GET /?prizes/188287042 HTTP/1.1" 200 21714 "-" "Mozilla/5.0 (Linux; Android 6.0.1; Nexus 5X Build/MMB29P) AppleWebKit/537.36 (KHTML, like Gecko) Chrome/150.0.7871.128 Mobile Safari/537.36 (compatible; GoogleOther)"
66.249.70.37 - - [24/Jul/2026:10:41:09 -0600] "GET /index.php?prizes/204148557 HTTP/1.1" 200 20834 "-" "Mozilla/5.0 (Linux; Android 6.0.1; Nexus 5X Build/MMB29P) AppleWebKit/537.36 (KHTML, like Gecko) Chrome/150.0.7871.128 Mobile Safari/537.36 (compatible; GoogleOther)"
192.178.4.137 - - [24/Jul/2026:10:41:09 -0600] "GET /?prizes/95151779 HTTP/1.1" 200 20596 "-" "Mozilla/5.0 (Linux; Android 6.0.1; Nexus 5X Build/MMB29P) AppleWebKit/537.36 (KHTML, like Gecko) Chrome/150.0.7871.128 Mobile Safari/537.36 (compatible; Googlebot/2.1; +http://www.google.com/bot.html)"
189.150.151.79 - - [24/Jul/2026:10:41:10 -0600] "GET /images/favicon.ico HTTP/1.1" 200 1150 "https://ferretap.com.mx/index.php/sucursales" "Mozilla/5.0 (Linux; Android 10; K) AppleWebKit/537.36 (KHTML, like Gecko) Chrome/150.0.0.0 Mobile Safari/537.36"
192.178.4.137 - - [24/Jul/2026:10:41:15 -0600] "GET /?prizes/108296385 HTTP/1.1" 200 23112 "-" "Mozilla/5.0 (Linux; Android 6.0.1; Nexus 5X Build/MMB29P) AppleWebKit/537.36 (KHTML, like Gecko) Chrome/150.0.7871.128 Mobile Safari/537.36 (compatible; Googlebot/2.1; +http://www.google.com/bot.html)"
192.178.4.137 - - [24/Jul/2026:10:41:15 -0600] "GET /?prizes/140133668 HTTP/1.1" 200 22719 "-" "Mozilla/5.0 (Linux; Android 6.0.1; Nexus 5X Build/MMB29P) AppleWebKit/537.36 (KHTML, like Gecko) Chrome/150.0.7871.128 Mobile Safari/537.36 (compatible; Googlebot/2.1; +http://www.google.com/bot.html)"
192.178.4.137 - - [24/Jul/2026:10:41:22 -0600] "GET /?prizes/101964335 HTTP/1.1" 200 26580 "-" "Mozilla/5.0 (Linux; Android 6.0.1; Nexus 5X Build/MMB29P) AppleWebKit/537.36 (KHTML, like Gecko) Chrome/150.0.7871.128 Mobile Safari/537.36 (compatible; Googlebot/2.1; +http://www.google.com/bot.html)"
148.230.254.117 - - [24/Jul/2026:10:41:31 -0600] "GET /index.php/sucursales HTTP/1.1" 200 7324 "-" "Mozilla/5.0 (Windows NT 10.0; Win64; x64; rv:153.0) Gecko/20100101 Firefox/153.0"
148.230.254.117 - - [24/Jul/2026:10:41:32 -0600] "GET /templates/shaper_helixultimate/css/template.css HTTP/1.1" 200 82496 "https://ferretap.com.mx/index.php/sucursales" "Mozilla/5.0 (Windows NT 10.0; Win64; x64; rv:153.0) Gecko/20100101 Firefox/153.0"
148.230.254.117 - - [24/Jul/2026:10:41:32 -0600] "GET /templates/shaper_helixultimate/css/presets/default.css HTTP/1.1" 200 4026 "https://ferretap.com.mx/index.php/sucursales" "Mozilla/5.0 (Windows NT 10.0; Win64; x64; rv:153.0) Gecko/20100101 Firefox/153.0"
192.178.4.137 - - [24/Jul/2026:10:41:35 -0600] "GET /?prizes/84585880 HTTP/1.1" 200 20987 "-" "Mozilla/5.0 (Linux; Android 6.0.1; Nexus 5X Build/MMB29P) AppleWebKit/537.36 (KHTML, like Gecko) Chrome/150.0.7871.128 Mobile Safari/537.36 (compatible; Googlebot/2.1; +http://www.google.com/bot.html)"
66.249.70.36 - - [24/Jul/2026:10:41:35 -0600] "GET /index.php?prizes/265870446 HTTP/1.1" 200 20856 "-" "Mozilla/5.0 (Linux; Android 6.0.1; Nexus 5X Build/MMB29P) AppleWebKit/537.36 (KHTML, like Gecko) Chrome/150.0.7871.128 Mobile Safari/537.36 (compatible; Googlebot/2.1; +http://www.google.com/bot.html)"
66.249.64.168 - - [24/Jul/2026:10:41:39 -0600] "GET /index.php?prizes/163362668 HTTP/1.1" 200 20743 "-" "Mozilla/5.0 (Linux; Android 6.0.1; Nexus 5X Build/MMB29P) AppleWebKit/537.36 (KHTML, like Gecko) Chrome/150.0.7871.128 Mobile Safari/537.36 (compatible; GoogleOther)"
192.178.4.137 - - [24/Jul/2026:10:41:41 -0600] "GET /?prizes/85893032 HTTP/1.1" 200 22470 "-" "Mozilla/5.0 (Linux; Android 6.0.1; Nexus 5X Build/MMB29P) AppleWebKit/537.36 (KHTML, like Gecko) Chrome/150.0.7871.128 Mobile Safari/537.36 (compatible; Googlebot/2.1; +http://www.google.com/bot.html)"
192.178.4.137 - - [24/Jul/2026:10:41:48 -0600] "GET /?prizes/97611365 HTTP/1.1" 200 22504 "-" "Mozilla/5.0 (Linux; Android 6.0.1; Nexus 5X Build/MMB29P) AppleWebKit/537.36 (KHTML, like Gecko) Chrome/150.0.7871.128 Mobile Safari/537.36 (compatible; Googlebot/2.1; +http://www.google.com/bot.html)"
192.178.4.137 - - [24/Jul/2026:10:41:51 -0600] "GET /?prizes/38698729 HTTP/1.1" 200 21460 "-" "Mozilla/5.0 (Linux; Android 6.0.1; Nexus 5X Build/MMB29P) AppleWebKit/537.36 (KHTML, like Gecko) Chrome/150.0.7871.128 Mobile Safari/537.36 (compatible; GoogleOther)"
192.178.4.128 - - [24/Jul/2026:10:41:54 -0600] "GET /?prizes/93595911 HTTP/1.1" 200 21703 "-" "Mozilla/5.0 (Linux; Android 6.0.1; Nexus 5X Build/MMB29P) AppleWebKit/537.36 (KHTML, like Gecko) Chrome/150.0.7871.128 Mobile Safari/537.36 (compatible; Googlebot/2.1; +http://www.google.com/bot.html)"
114.119.130.136 - - [24/Jul/2026:10:41:59 -0600] "GET /index.php/component/users/reset?Itemid=101 HTTP/1.1" 403 20 "https://ferretap.com.mx/index.php/component/users/login?Itemid=101" "Mozilla/5.0 (Linux; Android 7.0;) AppleWebKit/537.36 (HTML, like Gecko) Mobile Safari/537.36 (compatible; PetalBot;+https://webmaster.petalsearch.com/site/petalbot)"
66.249.64.166 - - [24/Jul/2026:10:42:01 -0600] "GET /index.php?prizes/165447527 HTTP/1.1" 200 22299 "-" "Mozilla/5.0 (Linux; Android 6.0.1; Nexus 5X Build/MMB29P) AppleWebKit/537.36 (KHTML, like Gecko) Chrome/150.0.7871.128 Mobile Safari/537.36 (compatible; GoogleOther)"
192.178.4.137 - - [24/Jul/2026:10:42:03 -0600] "GET /?prizes/42936032 HTTP/1.1" 200 20412 "-" "Mozilla/5.0 (Linux; Android 6.0.1; Nexus 5X Build/MMB29P) AppleWebKit/537.36 (KHTML, like Gecko) Chrome/150.0.7871.128 Mobile Safari/537.36 (compatible; Googlebot/2.1; +http://www.google.com/bot.html)"
192.178.4.137 - - [24/Jul/2026:10:42:08 -0600] "GET /?prizes/69353739 HTTP/1.1" 200 21344 "-" "Mozilla/5.0 (Linux; Android 6.0.1; Nexus 5X Build/MMB29P) AppleWebKit/537.36 (KHTML, like Gecko) Chrome/150.0.7871.128 Mobile Safari/537.36 (compatible; Googlebot/2.1; +http://www.google.com/bot.html)"
66.249.70.36 - - [24/Jul/2026:10:42:12 -0600] "GET /index.php?prizes/246387810 HTTP/1.1" 200 21511 "-" "Mozilla/5.0 (Linux; Android 6.0.1; Nexus 5X Build/MMB29P) AppleWebKit/537.36 (KHTML, like Gecko) Chrome/150.0.7871.128 Mobile Safari/537.36 (compatible; Googlebot/2.1; +http://www.google.com/bot.html)"
192.178.4.137 - - [24/Jul/2026:10:42:15 -0600] "GET /?prizes/126062163 HTTP/1.1" 200 22421 "-" "Mozilla/5.0 (Linux; Android 6.0.1; Nexus 5X Build/MMB29P) AppleWebKit/537.36 (KHTML, like Gecko) Chrome/150.0.7871.128 Mobile Safari/537.36 (compatible; Googlebot/2.1; +http://www.google.com/bot.html)"
192.178.4.137 - - [24/Jul/2026:10:42:21 -0600] "GET /?prizes/124150234 HTTP/1.1" 200 21363 "-" "Mozilla/5.0 (Linux; Android 6.0.1; Nexus 5X Build/MMB29P) AppleWebKit/537.36 (KHTML, like Gecko) Chrome/150.0.7871.128 Mobile Safari/537.36 (compatible; Googlebot/2.1; +http://www.google.com/bot.html)"
192.178.4.137 - - [24/Jul/2026:10:42:36 -0600] "GET /?prizes/264896274 HTTP/1.1" 200 24457 "-" "Mozilla/5.0 (Linux; Android 6.0.1; Nexus 5X Build/MMB29P) AppleWebKit/537.36 (KHTML, like Gecko) Chrome/150.0.7871.128 Mobile Safari/537.36 (compatible; GoogleOther)"
192.178.4.137 - - [24/Jul/2026:10:42:36 -0600] "GET /?prizes/81757860 HTTP/1.1" 200 22212 "-" "Mozilla/5.0 (Linux; Android 6.0.1; Nexus 5X Build/MMB29P) AppleWebKit/537.36 (KHTML, like Gecko) Chrome/150.0.7871.128 Mobile Safari/537.36 (compatible; Googlebot/2.1; +http://www.google.com/bot.html)"
192.178.4.137 - - [24/Jul/2026:10:42:41 -0600] "GET /?prizes/141107355 HTTP/1.1" 200 21321 "-" "Mozilla/5.0 (Linux; Android 6.0.1; Nexus 5X Build/MMB29P) AppleWebKit/537.36 (KHTML, like Gecko) Chrome/150.0.7871.128 Mobile Safari/537.36 (compatible; Googlebot/2.1; +http://www.google.com/bot.html)"
66.249.64.167 - - [24/Jul/2026:10:42:44 -0600] "GET /index.php?prizes/117505759 HTTP/1.1" 200 25376 "-" "Mozilla/5.0 (Linux; Android 6.0.1; Nexus 5X Build/MMB29P) AppleWebKit/537.36 (KHTML, like Gecko) Chrome/150.0.7871.128 Mobile Safari/537.36 (compatible; GoogleOther)"
192.178.4.137 - - [24/Jul/2026:10:42:48 -0600] "GET /?prizes/121893143 HTTP/1.1" 200 20373 "-" "Mozilla/5.0 (Linux; Android 6.0.1; Nexus 5X Build/MMB29P) AppleWebKit/537.36 (KHTML, like Gecko) Chrome/150.0.7871.128 Mobile Safari/537.36 (compatible; Googlebot/2.1; +http://www.google.com/bot.html)"
66.249.70.37 - - [24/Jul/2026:10:42:48 -0600] "GET /index.php?prizes/138843658 HTTP/1.1" 200 21659 "-" "Mozilla/5.0 (Linux; Android 6.0.1; Nexus 5X Build/MMB29P) AppleWebKit/537.36 (KHTML, like Gecko) Chrome/150.0.7871.128 Mobile Safari/537.36 (compatible; Googlebot/2.1; +http://www.google.com/bot.html)"
192.178.4.137 - - [24/Jul/2026:10:42:50 -0600] "GET /?prizes/117782163 HTTP/1.1" 200 20738 "-" "Mozilla/5.0 (Linux; Android 6.0.1; Nexus 5X Build/MMB29P) AppleWebKit/537.36 (KHTML, like Gecko) Chrome/150.0.7871.128 Mobile Safari/537.36 (compatible; Googlebot/2.1; +http://www.google.com/bot.html)"
192.178.4.137 - - [24/Jul/2026:10:42:53 -0600] "GET /?prizes/24158214 HTTP/1.1" 200 21313 "-" "Mozilla/5.0 (Linux; Android 6.0.1; Nexus 5X Build/MMB29P) AppleWebKit/537.36 (KHTML, like Gecko) Chrome/150.0.7871.128 Mobile Safari/537.36 (compatible; Googlebot/2.1; +http://www.google.com/bot.html)"
192.178.4.129 - - [24/Jul/2026:10:43:00 -0600] "GET /?prizes/137706254 HTTP/1.1" 200 20742 "-" "Mozilla/5.0 (Linux; Android 6.0.1; Nexus 5X Build/MMB29P) AppleWebKit/537.36 (KHTML, like Gecko) Chrome/150.0.7871.128 Mobile Safari/537.36 (compatible; Googlebot/2.1; +http://www.google.com/bot.html)"
192.178.4.128 - - [24/Jul/2026:10:43:06 -0600] "GET /?prizes/119380234 HTTP/1.1" 200 21850 "-" "Mozilla/5.0 (Linux; Android 6.0.1; Nexus 5X Build/MMB29P) AppleWebKit/537.36 (KHTML, like Gecko) Chrome/150.0.7871.128 Mobile Safari/537.36 (compatible; Googlebot/2.1; +http://www.google.com/bot.html)"
192.178.4.137 - - [24/Jul/2026:10:43:17 -0600] "GET /?prizes/122861082 HTTP/1.1" 200 21954 "-" "Mozilla/5.0 (Linux; Android 6.0.1; Nexus 5X Build/MMB29P) AppleWebKit/537.36 (KHTML, like Gecko) Chrome/150.0.7871.128 Mobile Safari/537.36 (compatible; Googlebot/2.1; +http://www.google.com/bot.html)"
192.178.4.137 - - [24/Jul/2026:10:43:20 -0600] "GET /?prizes/137700638 HTTP/1.1" 200 20633 "-" "Mozilla/5.0 (Linux; Android 6.0.1; Nexus 5X Build/MMB29P) AppleWebKit/537.36 (KHTML, like Gecko) Chrome/150.0.7871.128 Mobile Safari/537.36 (compatible; GoogleOther)"
192.178.4.128 - - [24/Jul/2026:10:43:22 -0600] "GET /?prizes/101867810 HTTP/1.1" 200 20806 "-" "Mozilla/5.0 (Linux; Android 6.0.1; Nexus 5X Build/MMB29P) AppleWebKit/537.36 (KHTML, like Gecko) Chrome/150.0.7871.128 Mobile Safari/537.36 (compatible; Googlebot/2.1; +http://www.google.com/bot.html)"
66.249.70.36 - - [24/Jul/2026:10:43:25 -0600] "GET /index.php?prizes/244613234 HTTP/1.1" 200 21000 "-" "Mozilla/5.0 (Linux; Android 6.0.1; Nexus 5X Build/MMB29P) AppleWebKit/537.36 (KHTML, like Gecko) Chrome/150.0.7871.128 Mobile Safari/537.36 (compatible; Googlebot/2.1; +http://www.google.com/bot.html)"
192.178.4.137 - - [24/Jul/2026:10:43:27 -0600] "GET /?prizes/182426355 HTTP/1.1" 200 23173 "-" "Mozilla/5.0 (Linux; Android 6.0.1; Nexus 5X Build/MMB29P) AppleWebKit/537.36 (KHTML, like Gecko) Chrome/150.0.7871.128 Mobile Safari/537.36 (compatible; GoogleOther)"
192.178.4.128 - - [24/Jul/2026:10:43:28 -0600] "GET /?prizes/138537305 HTTP/1.1" 200 21695 "-" "Mozilla/5.0 (Linux; Android 6.0.1; Nexus 5X Build/MMB29P) AppleWebKit/537.36 (KHTML, like Gecko) Chrome/150.0.7871.128 Mobile Safari/537.36 (compatible; Googlebot/2.1; +http://www.google.com/bot.html)"
192.178.4.129 - - [24/Jul/2026:10:43:35 -0600] "GET /?prizes/310412325 HTTP/1.1" 200 21259 "-" "Mozilla/5.0 (Linux; Android 6.0.1; Nexus 5X Build/MMB29P) AppleWebKit/537.36 (KHTML, like Gecko) Chrome/150.0.7871.128 Mobile Safari/537.36 (compatible; Googlebot/2.1; +http://www.google.com/bot.html)"
192.178.4.129 - - [24/Jul/2026:10:43:35 -0600] "GET /?prizes/105968325 HTTP/1.1" 200 21379 "-" "Mozilla/5.0 (Linux; Android 6.0.1; Nexus 5X Build/MMB29P) AppleWebKit/537.36 (KHTML, like Gecko) Chrome/150.0.7871.128 Mobile Safari/537.36 (compatible; Googlebot/2.1; +http://www.google.com/bot.html)"
192.178.4.137 - - [24/Jul/2026:10:43:42 -0600] "GET /?prizes/145559547 HTTP/1.1" 200 20798 "-" "Mozilla/5.0 (Linux; Android 6.0.1; Nexus 5X Build/MMB29P) AppleWebKit/537.36 (KHTML, like Gecko) Chrome/150.0.7871.128 Mobile Safari/537.36 (compatible; Googlebot/2.1; +http://www.google.com/bot.html)"
192.178.4.128 - - [24/Jul/2026:10:43:50 -0600] "GET /?prizes/164401941 HTTP/1.1" 200 21238 "-" "Mozilla/5.0 (Linux; Android 6.0.1; Nexus 5X Build/MMB29P) AppleWebKit/537.36 (KHTML, like Gecko) Chrome/150.0.7871.128 Mobile Safari/537.36 (compatible; Googlebot/2.1; +http://www.google.com/bot.html)"
192.178.4.137 - - [24/Jul/2026:10:43:50 -0600] "GET /?prizes/95315355 HTTP/1.1" 200 20924 "-" "Mozilla/5.0 (Linux; Android 6.0.1; Nexus 5X Build/MMB29P) AppleWebKit/537.36 (KHTML, like Gecko) Chrome/150.0.7871.128 Mobile Safari/537.36 (compatible; Googlebot/2.1; +http://www.google.com/bot.html)"
192.178.4.128 - - [24/Jul/2026:10:43:57 -0600] "GET /?prizes/149834325 HTTP/1.1" 200 22513 "-" "Mozilla/5.0 (Linux; Android 6.0.1; Nexus 5X Build/MMB29P) AppleWebKit/537.36 (KHTML, like Gecko) Chrome/150.0.7871.128 Mobile Safari/537.36 (compatible; Googlebot/2.1; +http://www.google.com/bot.html)"
192.178.4.129 - - [24/Jul/2026:10:44:00 -0600] "GET /?prizes/71907254/ HTTP/1.1" 200 21228 "-" "Mozilla/5.0 (Linux; Android 6.0.1; Nexus 5X Build/MMB29P) AppleWebKit/537.36 (KHTML, like Gecko) Chrome/150.0.7871.128 Mobile Safari/537.36 (compatible; Googlebot/2.1; +http://www.google.com/bot.html)"
66.249.70.38 - - [24/Jul/2026:10:44:01 -0600] "GET /index.php?prizes/237697416 HTTP/1.1" 200 20781 "-" "Mozilla/5.0 (Linux; Android 6.0.1; Nexus 5X Build/MMB29P) AppleWebKit/537.36 (KHTML, like Gecko) Chrome/150.0.7871.128 Mobile Safari/537.36 (compatible; Googlebot/2.1; +http://www.google.com/bot.html)"
192.178.4.137 - - [24/Jul/2026:10:44:10 -0600] "GET /?prizes/74191678 HTTP/1.1" 200 20845 "-" "Mozilla/5.0 (Linux; Android 6.0.1; Nexus 5X Build/MMB29P) AppleWebKit/537.36 (KHTML, like Gecko) Chrome/150.0.7871.128 Mobile Safari/537.36 (compatible; Googlebot/2.1; +http://www.google.com/bot.html)"
192.178.4.137 - - [24/Jul/2026:10:44:15 -0600] "GET /?prizes/143231022 HTTP/1.1" 200 21748 "-" "Mozilla/5.0 (Linux; Android 6.0.1; Nexus 5X Build/MMB29P) AppleWebKit/537.36 (KHTML, like Gecko) Chrome/150.0.7871.128 Mobile Safari/537.36 (compatible; Googlebot/2.1; +http://www.google.com/bot.html)"
192.178.4.137 - - [24/Jul/2026:10:44:21 -0600] "GET /?prizes/76924971 HTTP/1.1" 200 21389 "-" "Mozilla/5.0 (Linux; Android 6.0.1; Nexus 5X Build/MMB29P) AppleWebKit/537.36 (KHTML, like Gecko) Chrome/150.0.7871.128 Mobile Safari/537.36 (compatible; Googlebot/2.1; +http://www.google.com/bot.html)"
192.178.4.137 - - [24/Jul/2026:10:44:21 -0600] "GET /?prizes/309095274 HTTP/1.1" 200 21650 "-" "Mozilla/5.0 (Linux; Android 6.0.1; Nexus 5X Build/MMB29P) AppleWebKit/537.36 (KHTML, like Gecko) Chrome/150.0.7871.128 Mobile Safari/537.36 (compatible; Googlebot/2.1; +http://www.google.com/bot.html)"
192.178.4.137 - - [24/Jul/2026:10:44:26 -0600] "GET /?prizes/89260729 HTTP/1.1" 200 22086 "-" "Mozilla/5.0 (Linux; Android 6.0.1; Nexus 5X Build/MMB29P) AppleWebKit/537.36 (KHTML, like Gecko) Chrome/150.0.7871.128 Mobile Safari/537.36 (compatible; Googlebot/2.1; +http://www.google.com/bot.html)"
192.178.4.137 - - [24/Jul/2026:10:44:32 -0600] "GET /?prizes/106913082 HTTP/1.1" 200 21085 "-" "Mozilla/5.0 (Linux; Android 6.0.1; Nexus 5X Build/MMB29P) AppleWebKit/537.36 (KHTML, like Gecko) Chrome/150.0.7871.128 Mobile Safari/537.36 (compatible; Googlebot/2.1; +http://www.google.com/bot.html)"
192.178.4.137 - - [24/Jul/2026:10:44:32 -0600] "GET /?prizes/110024163 HTTP/1.1" 200 20796 "-" "Mozilla/5.0 (Linux; Android 6.0.1; Nexus 5X Build/MMB29P) AppleWebKit/537.36 (KHTML, like Gecko) Chrome/150.0.7871.128 Mobile Safari/537.36 (compatible; Googlebot/2.1; +http://www.google.com/bot.html)"
192.178.4.137 - - [24/Jul/2026:10:44:38 -0600] "GET /?prizes/143163527 HTTP/1.1" 200 20698 "-" "Mozilla/5.0 (Linux; Android 6.0.1; Nexus 5X Build/MMB29P) AppleWebKit/537.36 (KHTML, like Gecko) Chrome/150.0.7871.128 Mobile Safari/537.36 (compatible; Googlebot/2.1; +http://www.google.com/bot.html)"
192.178.4.137 - - [24/Jul/2026:10:44:38 -0600] "GET /?prizes/261670567 HTTP/1.1" 200 22563 "-" "Mozilla/5.0 (Linux; Android 6.0.1; Nexus 5X Build/MMB29P) AppleWebKit/537.36 (KHTML, like Gecko) Chrome/150.0.7871.128 Mobile Safari/537.36 (compatible; Googlebot/2.1; +http://www.google.com/bot.html)"
66.249.70.36 - - [24/Jul/2026:10:44:39 -0600] "GET /index.php?prizes/184359244 HTTP/1.1" 200 22351 "-" "Mozilla/5.0 (Linux; Android 6.0.1; Nexus 5X Build/MMB29P) AppleWebKit/537.36 (KHTML, like Gecko) Chrome/150.0.7871.128 Mobile Safari/537.36 (compatible; Googlebot/2.1; +http://www.google.com/bot.html)"
192.178.4.137 - - [24/Jul/2026:10:44:48 -0600] "GET /?prizes/116379173 HTTP/1.1" 200 21151 "-" "Mozilla/5.0 (Linux; Android 6.0.1; Nexus 5X Build/MMB29P) AppleWebKit/537.36 (KHTML, like Gecko) Chrome/150.0.7871.128 Mobile Safari/537.36 (compatible; Googlebot/2.1; +http://www.google.com/bot.html)"
192.178.4.137 - - [24/Jul/2026:10:44:50 -0600] "GET /?prizes/184659365 HTTP/1.1" 200 24779 "-" "Mozilla/5.0 (Linux; Android 6.0.1; Nexus 5X Build/MMB29P) AppleWebKit/537.36 (KHTML, like Gecko) Chrome/150.0.7871.128 Mobile Safari/537.36 (compatible; GoogleOther)"
148.230.254.117 - - [24/Jul/2026:10:44:53 -0600] "GET /images/2022/07/04/whatsapp-image-2022-07-04-at-2.02.01-pm.jpeg HTTP/1.1" 200 276105 "https://ferretap.com.mx/index.php/sucursales" "Mozilla/5.0 (Windows NT 10.0; Win64; x64; rv:153.0) Gecko/20100101 Firefox/153.0"
148.230.254.117 - - [24/Jul/2026:10:44:53 -0600] "GET /images/2022/07/04/whatsapp-image-2022-06-22-at-6.33.46-pm.jpeg HTTP/1.1" 200 729164 "https://ferretap.com.mx/index.php/sucursales" "Mozilla/5.0 (Windows NT 10.0; Win64; x64; rv:153.0) Gecko/20100101 Firefox/153.0"
148.230.254.117 - - [24/Jul/2026:10:44:53 -0600] "GET /images/2023/09/28/sin-titulo-1.png HTTP/1.1" 200 858408 "https://ferretap.com.mx/index.php/sucursales" "Mozilla/5.0 (Windows NT 10.0; Win64; x64; rv:153.0) Gecko/20100101 Firefox/153.0"
148.230.254.117 - - [24/Jul/2026:10:44:53 -0600] "GET /images/2022/07/27/sucursal-norte.jpg HTTP/1.1" 200 1065584 "https://ferretap.com.mx/index.php/sucursales" "Mozilla/5.0 (Windows NT 10.0; Win64; x64; rv:153.0) Gecko/20100101 Firefox/153.0"
148.230.254.117 - - [24/Jul/2026:10:44:53 -0600] "GET /images/2022/03/29/ferreteria-central.jpg HTTP/1.1" 200 1383683 "https://ferretap.com.mx/index.php/sucursales" "Mozilla/5.0 (Windows NT 10.0; Win64; x64; rv:153.0) Gecko/20100101 Firefox/153.0"
192.178.4.137 - - [24/Jul/2026:10:44:57 -0600] "GET /?prizes/274363264 HTTP/1.1" 200 21446 "-" "Mozilla/5.0 (Linux; Android 6.0.1; Nexus 5X Build/MMB29P) AppleWebKit/537.36 (KHTML, like Gecko) Chrome/150.0.7871.128 Mobile Safari/537.36 (compatible; GoogleOther)"
192.178.4.128 - - [24/Jul/2026:10:44:59 -0600] "GET /?prizes/68714840 HTTP/1.1" 200 21652 "-" "Mozilla/5.0 (Linux; Android 6.0.1; Nexus 5X Build/MMB29P) AppleWebKit/537.36 (KHTML, like Gecko) Chrome/150.0.7871.128 Mobile Safari/537.36 (compatible; Googlebot/2.1; +http://www.google.com/bot.html)"
192.178.4.137 - - [24/Jul/2026:10:45:06 -0600] "GET /?prizes/126024719 HTTP/1.1" 200 22138 "-" "Mozilla/5.0 (Linux; Android 6.0.1; Nexus 5X Build/MMB29P) AppleWebKit/537.36 (KHTML, like Gecko) Chrome/150.0.7871.128 Mobile Safari/537.36 (compatible; Googlebot/2.1; +http://www.google.com/bot.html)"
192.178.4.137 - - [24/Jul/2026:10:45:12 -0600] "GET /?prizes/231055507 HTTP/1.1" 200 21707 "-" "Mozilla/5.0 (Linux; Android 6.0.1; Nexus 5X Build/MMB29P) AppleWebKit/537.36 (KHTML, like Gecko) Chrome/150.0.7871.128 Mobile Safari/537.36 (compatible; Googlebot/2.1; +http://www.google.com/bot.html)"
192.178.4.137 - - [24/Jul/2026:10:45:12 -0600] "GET /?prizes/165110133 HTTP/1.1" 200 22187 "-" "Mozilla/5.0 (Linux; Android 6.0.1; Nexus 5X Build/MMB29P) AppleWebKit/537.36 (KHTML, like Gecko) Chrome/150.0.7871.128 Mobile Safari/537.36 (compatible; Googlebot/2.1; +http://www.google.com/bot.html)"
66.249.70.38 - - [24/Jul/2026:10:45:15 -0600] "GET /index.php?prizes/123671012 HTTP/1.1" 200 20848 "-" "Mozilla/5.0 (Linux; Android 6.0.1; Nexus 5X Build/MMB29P) AppleWebKit/537.36 (KHTML, like Gecko) Chrome/150.0.7871.128 Mobile Safari/537.36 (compatible; Googlebot/2.1; +http://www.google.com/bot.html)"
192.178.4.137 - - [24/Jul/2026:10:45:16 -0600] "GET /?prizes/61317284 HTTP/1.1" 200 20792 "-" "Mozilla/5.0 (Linux; Android 6.0.1; Nexus 5X Build/MMB29P) AppleWebKit/537.36 (KHTML, like Gecko) Chrome/150.0.7871.128 Mobile Safari/537.36 (compatible; GoogleOther)"
20.52.54.143 - - [24/Jul/2026:10:45:20 -0600] "GET /test1.php HTTP/1.1" 503 - "-" "Mozilla/5.0 (Windows NT 10.0; Win64; x64) AppleWebKit/537.36 (KHTML, like Gecko) Chrome/120.0.0.0 Safari/537.36"
192.178.4.137 - - [24/Jul/2026:10:45:20 -0600] "GET /?prizes/109562022 HTTP/1.1" 200 21379 "-" "Mozilla/5.0 (Linux; Android 6.0.1; Nexus 5X Build/MMB29P) AppleWebKit/537.36 (KHTML, like Gecko) Chrome/150.0.7871.128 Mobile Safari/537.36 (compatible; Googlebot/2.1; +http://www.google.com/bot.html)"
192.178.4.137 - - [24/Jul/2026:10:45:20 -0600] "GET /?prizes/145772840 HTTP/1.1" 200 20947 "-" "Mozilla/5.0 (Linux; Android 6.0.1; Nexus 5X Build/MMB29P) AppleWebKit/537.36 (KHTML, like Gecko) Chrome/150.0.7871.128 Mobile Safari/537.36 (compatible; Googlebot/2.1; +http://www.google.com/bot.html)"
20.52.54.143 - - [24/Jul/2026:10:45:22 -0600] "GET /wp-admin/maint/index.php HTTP/1.1" 503 - "-" "Mozilla/5.0 (Windows NT 10.0; Win64; x64) AppleWebKit/537.36 (KHTML, like Gecko) Chrome/120.0.0.0 Safari/537.36"
20.52.54.143 - - [24/Jul/2026:10:45:23 -0600] "GET /wp-content/uploads/min.php HTTP/1.1" 503 - "-" "Mozilla/5.0 (Windows NT 10.0; Win64; x64) AppleWebKit/537.36 (KHTML, like Gecko) Chrome/120.0.0.0 Safari/537.36"
20.52.54.143 - - [24/Jul/2026:10:45:23 -0600] "GET /zoom1.php HTTP/1.1" 503 - "-" "Mozilla/5.0 (Windows NT 10.0; Win64; x64) AppleWebKit/537.36 (KHTML, like Gecko) Chrome/120.0.0.0 Safari/537.36"
20.52.54.143 - - [24/Jul/2026:10:45:24 -0600] "GET /lock360.php HTTP/1.1" 503 - "-" "Mozilla/5.0 (Windows NT 10.0; Win64; x64) AppleWebKit/537.36 (KHTML, like Gecko) Chrome/120.0.0.0 Safari/537.36"
20.52.54.143 - - [24/Jul/2026:10:45:25 -0600] "GET /r.php HTTP/1.1" 503 - "-" "Mozilla/5.0 (Windows NT 10.0; Win64; x64) AppleWebKit/537.36 (KHTML, like Gecko) Chrome/120.0.0.0 Safari/537.36"
20.52.54.143 - - [24/Jul/2026:10:45:26 -0600] "GET /sf.php HTTP/1.1" 503 - "-" "Mozilla/5.0 (Windows NT 10.0; Win64; x64) AppleWebKit/537.36 (KHTML, like Gecko) Chrome/120.0.0.0 Safari/537.36"
20.52.54.143 - - [24/Jul/2026:10:45:27 -0600] "GET /t.php HTTP/1.1" 503 - "-" "Mozilla/5.0 (Windows NT 10.0; Win64; x64) AppleWebKit/537.36 (KHTML, like Gecko) Chrome/120.0.0.0 Safari/537.36"
20.52.54.143 - - [24/Jul/2026:10:45:27 -0600] "GET /7.php HTTP/1.1" 503 - "-" "Mozilla/5.0 (Windows NT 10.0; Win64; x64) AppleWebKit/537.36 (KHTML, like Gecko) Chrome/120.0.0.0 Safari/537.36"
20.52.54.143 - - [24/Jul/2026:10:45:28 -0600] "GET /b.php HTTP/1.1" 503 - "-" "Mozilla/5.0 (Windows NT 10.0; Win64; x64) AppleWebKit/537.36 (KHTML, like Gecko) Chrome/120.0.0.0 Safari/537.36"
192.178.4.137 - - [24/Jul/2026:10:45:28 -0600] "GET /?prizes/287415284 HTTP/1.1" 200 21428 "-" "Mozilla/5.0 (Linux; Android 6.0.1; Nexus 5X Build/MMB29P) AppleWebKit/537.36 (KHTML, like Gecko) Chrome/150.0.7871.128 Mobile Safari/537.36 (compatible; GoogleOther)"
192.178.4.137 - - [24/Jul/2026:10:45:29 -0600] "GET /?prizes/151504153 HTTP/1.1" 200 22204 "-" "Mozilla/5.0 (Linux; Android 6.0.1; Nexus 5X Build/MMB29P) AppleWebKit/537.36 (KHTML, like Gecko) Chrome/150.0.7871.128 Mobile Safari/537.36 (compatible; Googlebot/2.1; +http://www.google.com/bot.html)"
20.52.54.143 - - [24/Jul/2026:10:45:29 -0600] "GET /buy.php HTTP/1.1" 503 - "-" "Mozilla/5.0 (Windows NT 10.0; Win64; x64) AppleWebKit/537.36 (KHTML, like Gecko) Chrome/120.0.0.0 Safari/537.36"
20.52.54.143 - - [24/Jul/2026:10:45:30 -0600] "GET /config.php HTTP/1.1" 503 - "-" "Mozilla/5.0 (Windows NT 10.0; Win64; x64) AppleWebKit/537.36 (KHTML, like Gecko) Chrome/120.0.0.0 Safari/537.36"
20.52.54.143 - - [24/Jul/2026:10:45:31 -0600] "GET /num.php HTTP/1.1" 503 - "-" "Mozilla/5.0 (Windows NT 10.0; Win64; x64) AppleWebKit/537.36 (KHTML, like Gecko) Chrome/120.0.0.0 Safari/537.36"
20.52.54.143 - - [24/Jul/2026:10:45:31 -0600] "GET /areak1.php HTTP/1.1" 503 - "-" "Mozilla/5.0 (Windows NT 10.0; Win64; x64) AppleWebKit/537.36 (KHTML, like Gecko) Chrome/120.0.0.0 Safari/537.36"
20.52.54.143 - - [24/Jul/2026:10:45:32 -0600] "GET /vc.php HTTP/1.1" 503 - "-" "Mozilla/5.0 (Windows NT 10.0; Win64; x64) AppleWebKit/537.36 (KHTML, like Gecko) Chrome/120.0.0.0 Safari/537.36"
20.52.54.143 - - [24/Jul/2026:10:45:33 -0600] "GET /wp-content/plugins/admin.php HTTP/1.1" 503 - "-" "Mozilla/5.0 (Windows NT 10.0; Win64; x64) AppleWebKit/537.36 (KHTML, like Gecko) Chrome/120.0.0.0 Safari/537.36"
20.52.54.143 - - [24/Jul/2026:10:45:33 -0600] "GET /core.php HTTP/1.1" 503 - "-" "Mozilla/5.0 (Windows NT 10.0; Win64; x64) AppleWebKit/537.36 (KHTML, like Gecko) Chrome/120.0.0.0 Safari/537.36"
20.52.54.143 - - [24/Jul/2026:10:45:34 -0600] "GET /wp-admin/css/ HTTP/1.1" 503 - "-" "Mozilla/5.0 (Windows NT 10.0; Win64; x64) AppleWebKit/537.36 (KHTML, like Gecko) Chrome/120.0.0.0 Safari/537.36"
20.52.54.143 - - [24/Jul/2026:10:45:36 -0600] "GET /wp-admin/css/colors/blue/ HTTP/1.1" 503 - "-" "Mozilla/5.0 (Windows NT 10.0; Win64; x64) AppleWebKit/537.36 (KHTML, like Gecko) Chrome/120.0.0.0 Safari/537.36"
20.52.54.143 - - [24/Jul/2026:10:45:37 -0600] "GET /wp-content/min.php HTTP/1.1" 503 - "-" "Mozilla/5.0 (Windows NT 10.0; Win64; x64) AppleWebKit/537.36 (KHTML, like Gecko) Chrome/120.0.0.0 Safari/537.36"
20.52.54.143 - - [24/Jul/2026:10:45:37 -0600] "GET /wp-content/plugins/beteng88/ws83.php HTTP/1.1" 503 - "-" "Mozilla/5.0 (Windows NT 10.0; Win64; x64) AppleWebKit/537.36 (KHTML, like Gecko) Chrome/120.0.0.0 Safari/537.36"
20.52.54.143 - - [24/Jul/2026:10:45:38 -0600] "GET /ws37.php HTTP/1.1" 503 - "-" "Mozilla/5.0 (Windows NT 10.0; Win64; x64) AppleWebKit/537.36 (KHTML, like Gecko) Chrome/120.0.0.0 Safari/537.36"
192.178.4.137 - - [24/Jul/2026:10:45:39 -0600] "GET /?prizes/153172072 HTTP/1.1" 200 22755 "-" "Mozilla/5.0 (Linux; Android 6.0.1; Nexus 5X Build/MMB29P) AppleWebKit/537.36 (KHTML, like Gecko) Chrome/150.0.7871.128 Mobile Safari/537.36 (compatible; Googlebot/2.1; +http://www.google.com/bot.html)"
192.178.4.137 - - [24/Jul/2026:10:45:39 -0600] "GET /?prizes/61126153 HTTP/1.1" 200 21002 "-" "Mozilla/5.0 (Linux; Android 6.0.1; Nexus 5X Build/MMB29P) AppleWebKit/537.36 (KHTML, like Gecko) Chrome/150.0.7871.128 Mobile Safari/537.36 (compatible; GoogleOther)"
20.52.54.143 - - [24/Jul/2026:10:45:39 -0600] "GET /assets/ HTTP/1.1" 503 - "-" "Mozilla/5.0 (Windows NT 10.0; Win64; x64) AppleWebKit/537.36 (KHTML, like Gecko) Chrome/120.0.0.0 Safari/537.36"
20.52.54.143 - - [24/Jul/2026:10:45:40 -0600] "GET /new.php HTTP/1.1" 503 - "-" "Mozilla/5.0 (Windows NT 10.0; Win64; x64) AppleWebKit/537.36 (KHTML, like Gecko) Chrome/120.0.0.0 Safari/537.36"
66.249.70.6 - - [24/Jul/2026:10:45:40 -0600] "GET /index.php?prizes/123329789 HTTP/1.1" 200 20730 "-" "Mozilla/5.0 (Linux; Android 6.0.1; Nexus 5X Build/MMB29P) AppleWebKit/537.36 (KHTML, like Gecko) Chrome/150.0.7871.128 Mobile Safari/537.36 (compatible; GoogleOther)"
20.52.54.143 - - [24/Jul/2026:10:45:41 -0600] "GET /wp-admin/js/widgets/ HTTP/1.1" 503 - "-" "Mozilla/5.0 (Windows NT 10.0; Win64; x64) AppleWebKit/537.36 (KHTML, like Gecko) Chrome/120.0.0.0 Safari/537.36"
20.52.54.143 - - [24/Jul/2026:10:45:42 -0600] "GET /il.php HTTP/1.1" 503 - "-" "Mozilla/5.0 (Windows NT 10.0; Win64; x64) AppleWebKit/537.36 (KHTML, like Gecko) Chrome/120.0.0.0 Safari/537.36"
20.52.54.143 - - [24/Jul/2026:10:45:43 -0600] "GET /images/index.php HTTP/1.1" 503 - "-" "Mozilla/5.0 (Windows NT 10.0; Win64; x64) AppleWebKit/537.36 (KHTML, like Gecko) Chrome/120.0.0.0 Safari/537.36"
20.52.54.143 - - [24/Jul/2026:10:45:44 -0600] "GET /lite.php HTTP/1.1" 503 - "-" "Mozilla/5.0 (Windows NT 10.0; Win64; x64) AppleWebKit/537.36 (KHTML, like Gecko) Chrome/120.0.0.0 Safari/537.36"
192.178.4.137 - - [24/Jul/2026:10:45:45 -0600] "GET /?prizes/127813012 HTTP/1.1" 200 21572 "-" "Mozilla/5.0 (Linux; Android 6.0.1; Nexus 5X Build/MMB29P) AppleWebKit/537.36 (KHTML, like Gecko) Chrome/150.0.7871.128 Mobile Safari/537.36 (compatible; Googlebot/2.1; +http://www.google.com/bot.html)"
20.52.54.143 - - [24/Jul/2026:10:45:45 -0600] "GET /load.php HTTP/1.1" 503 - "-" "Mozilla/5.0 (Windows NT 10.0; Win64; x64) AppleWebKit/537.36 (KHTML, like Gecko) Chrome/120.0.0.0 Safari/537.36"
192.178.4.137 - - [24/Jul/2026:10:45:45 -0600] "GET /?prizes/147720779 HTTP/1.1" 200 21687 "-" "Mozilla/5.0 (Linux; Android 6.0.1; Nexus 5X Build/MMB29P) AppleWebKit/537.36 (KHTML, like Gecko) Chrome/150.0.7871.128 Mobile Safari/537.36 (compatible; Googlebot/2.1; +http://www.google.com/bot.html)"
20.52.54.143 - - [24/Jul/2026:10:45:45 -0600] "GET /wp-content/themes/ HTTP/1.1" 503 - "-" "Mozilla/5.0 (Windows NT 10.0; Win64; x64) AppleWebKit/537.36 (KHTML, like Gecko) Chrome/120.0.0.0 Safari/537.36"
20.52.54.143 - - [24/Jul/2026:10:45:46 -0600] "GET /wp-themes.php HTTP/1.1" 503 - "-" "Mozilla/5.0 (Windows NT 10.0; Win64; x64) AppleWebKit/537.36 (KHTML, like Gecko) Chrome/120.0.0.0 Safari/537.36"
20.52.54.143 - - [24/Jul/2026:10:45:47 -0600] "GET /xda.php HTTP/1.1" 503 - "-" "Mozilla/5.0 (Windows NT 10.0; Win64; x64) AppleWebKit/537.36 (KHTML, like Gecko) Chrome/120.0.0.0 Safari/537.36"
20.52.54.143 - - [24/Jul/2026:10:45:48 -0600] "GET /.trash7206/index.php HTTP/1.1" 503 - "-" "Mozilla/5.0 (Windows NT 10.0; Win64; x64) AppleWebKit/537.36 (KHTML, like Gecko) Chrome/120.0.0.0 Safari/537.36"
20.52.54.143 - - [24/Jul/2026:10:45:49 -0600] "GET /doc.php HTTP/1.1" 503 - "-" "Mozilla/5.0 (Windows NT 10.0; Win64; x64) AppleWebKit/537.36 (KHTML, like Gecko) Chrome/120.0.0.0 Safari/537.36"
20.52.54.143 - - [24/Jul/2026:10:45:49 -0600] "GET /storage/index.php HTTP/1.1" 503 - "-" "Mozilla/5.0 (Windows NT 10.0; Win64; x64) AppleWebKit/537.36 (KHTML, like Gecko) Chrome/120.0.0.0 Safari/537.36"
20.52.54.143 - - [24/Jul/2026:10:45:50 -0600] "GET /wp-content.php HTTP/1.1" 503 - "-" "Mozilla/5.0 (Windows NT 10.0; Win64; x64) AppleWebKit/537.36 (KHTML, like Gecko) Chrome/120.0.0.0 Safari/537.36"
192.178.4.137 - - [24/Jul/2026:10:45:50 -0600] "GET /?prizes/169093648 HTTP/1.1" 200 21299 "-" "Mozilla/5.0 (Linux; Android 6.0.1; Nexus 5X Build/MMB29P) AppleWebKit/537.36 (KHTML, like Gecko) Chrome/150.0.7871.128 Mobile Safari/537.36 (compatible; Googlebot/2.1; +http://www.google.com/bot.html)"
192.178.4.137 - - [24/Jul/2026:10:45:51 -0600] "GET /?prizes/106283436 HTTP/1.1" 200 20887 "-" "Mozilla/5.0 (Linux; Android 6.0.1; Nexus 5X Build/MMB29P) AppleWebKit/537.36 (KHTML, like Gecko) Chrome/150.0.7871.128 Mobile Safari/537.36 (compatible; Googlebot/2.1; +http://www.google.com/bot.html)"
20.52.54.143 - - [24/Jul/2026:10:45:51 -0600] "GET /wp-includes/ID3/index.php HTTP/1.1" 503 - "-" "Mozilla/5.0 (Windows NT 10.0; Win64; x64) AppleWebKit/537.36 (KHTML, like Gecko) Chrome/120.0.0.0 Safari/537.36"
20.52.54.143 - - [24/Jul/2026:10:45:52 -0600] "GET /wp-includes/block-bindings/ HTTP/1.1" 503 - "-" "Mozilla/5.0 (Windows NT 10.0; Win64; x64) AppleWebKit/537.36 (KHTML, like Gecko) Chrome/120.0.0.0 Safari/537.36"
66.249.70.36 - - [24/Jul/2026:10:45:52 -0600] "GET /index.php?prizes/301841315 HTTP/1.1" 200 21862 "-" "Mozilla/5.0 (Linux; Android 6.0.1; Nexus 5X Build/MMB29P) AppleWebKit/537.36 (KHTML, like Gecko) Chrome/150.0.7871.128 Mobile Safari/537.36 (compatible; Googlebot/2.1; +http://www.google.com/bot.html)"
